er?
False
Is 1292693 composite?
False
Is 122411 prime?
False
Is 4162 composite?
True
Is 584387 composite?
False
Is 16081 composite?
True
Is 535595 a prime number?
False
Is 166597 a prime number?
True
Is 14974 composite?
True
Is 36769 prime?
False
Is 898809 prime?
False
Is 225209 prime?
False
Is 1460479 a composite number?
False
Is 58213 composite?
True
Is 118117 composite?
True
Is 3452671 a composite number?
False
Is 1361 a composite number?
False
Is 4937 a composite number?
False
Is 73211 composite?
True
Is 847983 prime?
False
Is 50929 a prime number?
True
Is 959 a composite number?
True
Is 14401 a composite number?
False
Is 46891 composite?
True
Is 997391 a composite number?
False
Is 307 a prime number?
True
Is 14699 a composite number?
False
Is 4421 a composite number?
False
Is 108622 composite?
True
Is 877 a composite number?
False
Is 5703 composite?
True
Is 108073 a composite number?
True
Is 111019 prime?
False
Is 9639497 a prime number?
False
Is 244691 prime?
True
Is 154913 composite?
True
Is 4659 a composite number?
True
Is 11541 composite?
True
Is 37243 a prime number?
True
Is 8402 composite?
True
Is 19651 composite?
True
Is 366397 composite?
False
Is 26731 a composite number?
False
Is 3049 composite?
False
Is 188414 composite?
True
Is 772127 a prime number?
True
Is 129491 a prime number?
True
Is 516263 composite?
True
Is 541 prime?
True
Is 8263 composite?
False
Is 12071 a composite number?
False
Is 17287 a composite number?
True
Is 9413 a composite number?
False
Is 108538 a prime number?
False
Is 52147 composite?
False
Is 34631 composite?
False
Is 10729 a composite number?
False
Is 76298 composite?
True
Is 309506 composite?
True
Is 589733 composite?
True
Is 69371 composite?
False
Is 2567879 a composite number?
False
Is 3566 composite?
True
Is 32407 a composite number?
True
Is 17681 prime?
True
Is 35359 prime?
False
Is 26669 a composite number?
False
Is 182617 a composite number?
False
Is 18373 prime?
False
Is 36169 prime?
False
Is 12889 prime?
True
Is 677353 prime?
False
Is 476977 a composite number?
False
Is 417983 composite?
False
Is 29059 a prime number?
True
Is 40751 a composite number?
False
Is 40111 prime?
True
Is 166523 prime?
False
Is 32869 a composite number?
False
Is 42157 composite?
False
Is 11461 composite?
True
Is 14057 a prime number?
True
Is 310595 a prime number?
False
Is 197947 prime?
True
Is 359197 a composite number?
True
Is 3295 prime?
False
Is 18737 prime?
False
Is 83399 composite?
False
Is 551909 a composite number?
False
Is 487 a composite number?
False
Is 834761 prime?
True
Is 15091 a composite number?
False
Is 315223 prime?
True
Is 6617 a composite number?
True
Is 308974 prime?
False
Is 1022729 prime?
True
Is 40673 prime?
False
Is 19451 prime?
False
Is 5569 prime?
True
Is 2657 prime?
True
Is 6857 a composite number?
False
Is 10219 a composite number?
True
Is 6982 composite?
True
Is 24499 a prime number?
True
Is 2721 prime?
False
Is 1536781 prime?
True
Is 28007 composite?
True
Is 97283 a composite number?
False
Is 95393 a prime number?
True
Is 250471 a prime number?
False
Is 64451 a composite number?
False
Is 63191 prime?
False
Is 10118 prime?
False
Is 54313 composite?
True
Is 6761 composite?
False
Is 171427 prime?
True
Is 132889 a composite number?
True
Is 130729 composite?
False
Is 29177 prime?
False
Is 1709313 a composite number?
True
Is 31363 prime?
False
Is 143 a composite number?
True
Is 267167 a prime number?
True
Is 626443 a composite number?
False
Is 140489 a composite number?
True
Is 4153 a composite number?
False
Is 72987 composite?
True
Is 1272419 a composite number?
True
Is 86971 a composite number?
True
Is 57637 prime?
True
Is 354243 composite?
True
Is 760211 a prime number?
True
Is 487973 prime?
True
Is 27427 prime?
True
Is 379597 a prime number?
True
Is 808517 a prime number?
True
Is 72107 prime?
False
Is 114061 a composite number?
True
Is 737 composite?
True
Is 23551 composite?
True
Is 408163 a prime number?
False
Is 72859 composite?
False
Is 36427 composite?
True
Is 3313 a prime number?
True
Is 504121 a composite number?
False
Is 6493 a composite number?
True
Is 22641 a prime number?
False
Is 113587 prime?
False
Is 23417 prime?
True
Is 20249 prime?
True
Is 37747 prime?
True
Is 518657 composite?
False
Is 8563 a prime number?
True
Is 32771 a prime number?
True
Is 1360589 prime?
True
Is 1567 composite?
False
Is 249299 composite?
True
Is 24029 composite?
False
Is 25613 a composite number?
True
Is 1280447 a composite number?
True
Is 6947 composite?
False
Is 95021 a prime number?
True
Is 52613 a prime number?
False
Is 12389 prime?
False
Is 52529 prime?
True
Is 60019 a prime number?
False
Is 313081 a prime number?
True
Is 2192831 prime?
True
Is 73637 a prime number?
True
Is 16949 a composite number?
True
Is 50989 composite?
False
Is 37763 a prime number?
False
Is 59587 a composite number?
True
Is 74609 a prime number?
True
Is 2081 a prime number?
True
Is 7427 composite?
True
Is 19731 a prime number?
False
Is 3049127 a prime number?
True
Is 18353 prime?
True
Is 1283 composite?
False
Is 1847 prime?
True
Is 3497779 prime?
True
Is 292033 prime?
False
Is 85611 prime?
False
Is 1611131 a prime number?
True
Is 6449 composite?
False
Is 71161 prime?
True
Is 54163 composite?
False
Is 9719 prime?
True
Is 15949 prime?
False
Is 6401 a composite number?
True
Is 3989 composite?
False
Is 855013 a composite number?
True
Is 10877 a prime number?
False
Is 267567 composite?
True
Is 41333 composite?
False
Is 66293 a prime number?
True
Is 120261 composite?
True
Is 87663 prime?
False
Is 265 a composite number?
True
Is 15439 a prime number?
True
Is 2279 composite?
True
Is 601877 a composite number?
True
Is 43661 a prime number?
True
Is 33659 composite?
True
Is 325661 a composite number?
True
Is 467 prime?
True
Is 46589 a prime number?
True
Is 3831 prime?
False
Is 27271 prime?
True
Is 85069 composite?
True
Is 24281 a composite number?
False
Is 52337 a composite number?
True
Is 11107 composite?
True
Is 54389 composite?
True
Is 277297 a composite number?
False
Is 8095 a prime number?
False
Is 3109 a composite number?
False
Is 574031 a composite number?
False
Is 55753 composite?
True
Is 3863 a prime number?
True
Is 124513 composite?
False
Is 22642 a composite number?
True
Is 92663 composite?
True
Is 1619 a prime number?
True
Is 411637 prime?
True
Is 75011 a prime number?
True
Is 60833 a prime number?
False
Is 50147 composite?
False
Is 74353 a prime number?
True
Is 2815 composite?
True
Is 51193 a prime number?
True
Is 554717 composite?
True
Is 923613 a composite number?
True
Is 22121 a prime number?
False
Is 77 prime?
False
Is 783379 composite?
False
Is 465761 composite?
False
Is 156473 prime?
False
Is 8191 prime?
True
Is 343055 a composite number?
True
Is 491703 a prime number?
False
Is 505 a composite number?
True
Is 1570841 prime?
True
Is 52907 composite?
True
Is 853 a composite number?
False
Is 5219 composite?
True
Is 8663 a prime number?
True
Is 198079 a prime number?
False
Is 19121 composite?
False
Is 2491 a composite number?
True
Is 16787 composite?
False
Is 273863 a composite number?
True
Is 3793 a composite number?
False
Is 41507 a composite number?
False
Is 92522 prime?
False
Is 1539719 a prime number?
True
Is 57089 a composite number?
False
Is 9839 a prime number?
True
Is 64705 prime?
False
Is 2013149 a prime number?
False
Is 125417 a composite number?
True
Is 15034 a composite number?
True
Is 209767 a prime number?
True
Is 31 a prime number?
True
Is 37603 a composite number?
True
Is 24233 composite?
True
Is 28687 prime?
True
Is 3674289 a prime number?
False
Is 28637 prime?
False
Is 426563 a prime number?
True
Is 111 composite?
True
Is 21163 prime?
True
Is 97763 a composite number?
True
Is 167149 a prime number?
True
Is 888005 a composite number?
True
Is 762491 prime?
True
Is 435377 prime?
False
Is 12313 a prime number?
False
Is 7167 composite?
True
Is 104881 prime?
False
Is 30803 composite?
False
Is 39361 a composite number?
True
Is 11453 prime?
False
Is 22957 a prime number?
False
Is 818321 a prime number?
False
Is 1141 a composite number?
True
Is 17521 a composite number?
True
Is 96643 a prime number?
True
Is 492457 prime?
False
Is 4613 a prime number?
False
Is 236059 composite?
True
Is 44951 a prime number?
Fa